n h is divided by 142.
1
Suppose -9828 = -21*y - 31*y. Let d(k) = -k**3 - 2*k**2 - 5*k - 4. What is the remainder when y is divided by d(-4)?
45
Let i = 1190 + -1176. Calculate the remainder when 108 is divided by i.
10
Let s be -3 + 1254/30 - (-1)/5. Let v(z) = -z**3 + 42*z**2 - 113*z - 86. Calculate the remainder when v(s) is divided by 27.
16
Let c = -208 + 213. Suppose -z = 4*r - 91, -6*z + 115 = 5*r - c*z. Calculate the remainder when 215 is divided by r.
23
Let b = -290 + 410. What is the remainder when 437 is divided by b?
77
Suppose 29 = 4*i + 3*l, -2 - 38 = -5*i - 5*l. Suppose 26 = 4*t + 2*s, 0 = -3*t - i*s + 11 + 5. Calculate the remainder when 25 is divided by t.
4
Suppose -4*a - 6 = 6, 5*a + 3 = -3*h. Suppose -o - 3*c = -11, 4*o + h*c - 2 = 34. Calculate the remainder when 55 is divided by o.
7
Suppose 4*n = t - 0 + 9, 3*n + 5*t = 1. Suppose -p - n = -11. What is the remainder when p/(-6 - -3) - -73 is divided by 8?
6
Suppose -2921 = -10*g - 2621. Calculate the remainder when 627 is divided by g.
27
Let j(m) = -7*m + 53. Let p be j(-27). Suppose -p = 10*l - 3222. What is the remainder when l is divided by 30?
28
Let t(d) = 19*d + 2. Let q(l) = 62 - 2*l**3 + 0*l**2 + 7*l - 4*l**2 + 3*l**2 - 53. Calculate the remainder when t(5) is divided by q(-3).
31
Suppose 0 = -38*y + 30*y + 416. Suppose -y*q + 62*q = 1100. What is the remainder when q is divided by 60?
50
Suppose -5*z - 12 = 4*p, 4*p - 5*z = 31 - 3. Suppose 2*a = -0*a + 10, 0 = 5*y - 4*a - 145. Suppose -y - 5 = -p*r. What is the remainder when 75 is divided by r?
18
Let k(r) = -12*r + 5. Suppose -9490*f + 9513*f - 46 = 207. Calculate the remainder when k(-5) is divided by f.
10
What is the remainder when (-34014)/(-39) - (-146)/(-949) is divided by 2?
0
Suppose 5*i - c - 200 = 0, -5*i + 2*i = 2*c - 107. Suppose 2*y + 11 + 39 = 0. Let f = -14 - y. What is the remainder when i is divided by f?
6
Calculate the remainder when ((-5640)/72)/((-20)/24) is divided by 12.
10
Let l be -1 - -1 - (-1 + -15). Let x = l - 9. Let f(o) = -58*o + 3440. Calculate the remainder when f(59) is divided by x.
4
What is the remainder when ((-255)/(-162) + 8/(-108))*5892 is divided by 68?
66
Suppose -20 = -9*s + 25. Suppose 180 = -4*b - s*b. Let q = b - -22. What is the remainder when 12 is divided by q?
0
Let z(u) = -152*u**2 + 2 + 150*u**2 + 4*u - 1 + 3. Let f be z(8). Let p = f - -134. Calculate the remainder when p is divided by 11.
9
Let k = 6775 + -5606. Calculate the remainder when k is divided by 578.
13
Suppose -f = -7 - 16. Let u be (-45198)/126 - (-2)/(-7). Let y = -347 - u. Calculate the remainder when f is divided by y.
11
Suppose -4*v + 319 = 7. What is the remainder when v is divided by (-1605 - -1617)*(14/4 - 0)?
36
Calculate the remainder when (2 - 1)/(-22 + (-4390470)/(-199566)) is divided by 33.
32
Let w(f) = f + 17. Let l be w(-13). Let d be (1 - -6 - (-4 + 1)) + -4. Calculate the remainder when 188 is divided by (114/l)/(-3)*(2 - d).
36
Let g = -4056 + 4351. Calculate the remainder when g is divided by 286.
9
Suppose 21*y - 752 = 13*y. Calculate the remainder when y is divided by (-4 - -3) + -2 - -11.
6
Let b(m) = 10*m - m**3 + 5 - 7*m - 10*m + m**2 - 10*m**2. Let j be b(-7). Calculate the remainder when 20 is divided by ((-18)/36)/(2/j).
9
Suppose o - 10175 = -36*o. Calculate the remainder when o is divided by 76.
47
Suppose -2226 - 10385 = -14*h + 3671. What is the remainder when h is divided by 7?
1
Let w(g) = -8*g**3 + 7*g**3 + 4*g**2 - g - 3*g**2 + 0*g**2 + 35. Let o be w(0). Let t = 47 - o. Calculate the remainder when 59 is divided by t.
11
Let a(b) = b**2 + 18*b - 20. Let y be a(7). Suppose -6*l = -307 - y. Let u = -20 - -47. What is the remainder when l is divided by u?
23
Let f = -2136 + 2195. Calculate the remainder when 943 is divided by f.
58
Let t be 1/((-4)/(-96)*3). Suppose -t*v - 18 = -10*v. Calculate the remainder when 77 is divided by v.
5
Suppose -5*l - 2*r - 322 = -1495, -5*l + 3*r = -1203. What is the remainder when 573 is divided by l?
99
Let w = -4072 - -4105. Calculate the remainder when 2737 is divided by w.
31
Let q be -4 + 2 + (-2)/(-2). Calculate the remainder when 36 is divided by q + (17 - 4) + -2.
6
Let z(d) = d - 5. Let v(r) = -15*r - 158. Let l(x) = -v(x) + 4*z(x). What is the remainder when 563 is divided by l(-3)?
77
Let f = -491 - -495. Suppose -f*v + 988 = 9*v. Calculate the remainder when 605 is divided by v.
73
Suppose 0 = 2*a + 19*a + 6384. Let r = a - -308. Calculate the remainder when 59 is divided by r.
3
Let a = 2 - -22. Let z = -3883 + 3952. What is the remainder when z is divided by a?
21
Suppose 4*a = -3*k - 9, 0*k + 3*k + 2*a + 3 = 0. Let y(v) = 7*v**2 + 16*v + 43. What is the remainder when y(-3) is divided by (-6)/k*(-20)/8?
13
Let k(v) = -v**3 - 30*v**2 - 17*v - 68. Let s be k(-30). Suppose 3*y - s = o, 73*y + 291 = 75*y + 3*o. Calculate the remainder when y is divided by 42.
21
Let t = 3291 - 2955. What is the remainder when t is divided by 107?
15
Let w(r) = -r**2 + 2*r + 815. What is the remainder when 524 is divided by w(-26)?
2
Let g = -951 - -1167. Calculate the remainder when 1137 is divided by 3078/g*(-4)/(-1).
54
Let l(m) = 19*m - 145. Suppose -35*j + 110 + 170 = 0. Calculate the remainder when 1/4 - 131/(-4) is divided by l(j).
5
Suppose -330*m = -323*m - 77007. What is the remainder when m is divided by 28?
25
Suppose 341*o - 1308 = -t + 339*o, 0 = -3*t - 2*o + 3908. Calculate the remainder when t is divided by 260.
0
Suppose -5956*q + 429 = -5943*q. What is the remainder when 2670 is divided by q?
30
Let x(s) = 4*s - 24. Let z be x(7). Suppose n = -5*b + 19, z*b = 18 - 14. Calculate the remainder when 698 is divided by n.
12
Suppose 4*g = -g - 35. Let n(h) = 3*h + 23. Let i be n(g). Suppose -9*v + i*v = -315. Calculate the remainder when 88 is divided by v.
43
Suppose 2*j - j - 23 = 0. Let c(o) = -41*o**2 + 693*o + 144. Calculate the remainder when c(17) is divided by j.
7
Let b(c) = -c**2 + 17*c - 16. Calculate the remainder when (-200)/3500 - (-5394)/70 is divided by b(14).
25
Suppose 5*k = n + 8 + 4, 4*n - 4*k = 0. Suppose 0*a + n*a + 1 = -g, -8 = -a - 2*g. What is the remainder when 12 is divided by (-10)/(4*a/4)?
2
Let z = -22097 - -22158. Calculate the remainder when 2677 is divided by z.
54
Suppose 0 = 3*m - 5*y - 19, -4*y = 2*m + y + 4. Suppose n - 2*j + 26 = m, 0 = -3*j + 6. Calculate the remainder when 13 is divided by (n/(-3) - 3)/(3/9).
3
Suppose 0 = 4*o - 8*o + 40. Let i be (o/(-2) - -6)/((-1)/(-2)). Let w(u) = 4*u**3 - u**2 - 3. What is the remainder when w(i) is divided by 9?
7
Let l(t) = 2*t + 15. Let i(a) = -1. Let o(q) = -5*i(q) - l(q). Suppose -12*c = -18*c - 66. Calculate the remainder when 21 is divided by o(c).
9
Let t(c) be the second derivative of 19*c**5/20 + 5*c**4/12 - 2*c**2 - 94*c. Let y = -9 - -18. What is the remainder when t(2) is divided by y?
6
Let h = -3131 + 3172. Suppose -2*q = -111 - 35. What is the remainder when q is divided by h?
32
Let a(f) = 195*f - 343. Let q be a(7). Suppose 0*r + 14*r - q = 0. Calculate the remainder when 218 is divided by r.
72
Suppose -r - 33 = -3*d + 125, 5*d - 160 = r. Suppose 12783 + 12678 = 83*p - 186. Let k = p + r. Calculate the remainder when k is divided by 52.
50
Suppose 0 = 42*o - 80*o + 41*o - 5076. What is the remainder when o is divided by 844?
4
Let r(o) = o**3 + 10*o**2 - 3*o - 6. Suppose 535*j = -10522 + 39412. Calculate the remainder when j is divided by r(-10).
6
Let y = 2 - -11. Suppose -8 = 7*z + 62. Let j(m) = m**3 + 10*m**2 - 4*m - 3. What is the remainder when j(z) is divided by y?
11
Suppose 74*q - 46 = -2*t + 76*q, -115 = -5*t - 3*q. What is the remainder when 125 is divided by t?
10
Suppose 52 = c - 5*s - 81, -2*c - 3*s + 318 = 0. Calculate the remainder when 161 is divided by c.
8
Let t(w) = -w**3 - 12*w**2 - 14*w - 30. Let c be t(-11). Suppose -m = 3*m - 4*x - 88, -18 = -m - c*x. What is the remainder when 60 is divided by m?
18
Suppose 0 = -s - 3*s + 4*a - 500, -2*a - 500 = 4*s. Suppose -j + 23 + 9 = 0. What is the remainder when s/(-2) - ((-120)/16)/(-5) is divided by j?
29
Let j(h) = 2*h**2 + 24*h + 32. What is the remainder when 508 is divided by j(-11)?
8
Let r = 279 + 40. What is the remainder when r is divided by 31?